 of m?
2, 11, 107
Let r be (-9)/(-4) + 6/8. Let m(t) = -2*t - 2*t**2 + 5*t**r - 6*t**3 + 4 + 7*t. What are the prime factors of m(-4)?
2
Let i = -20 + 15. Let y(o) = o**3 + 7*o**2 + 2*o + 7. What are the prime factors of y(i)?
47
Let g(z) = 9*z**2 - 1. Let k be (2 - 3)*2 - 1. Let o be -3*(7/k - -2). List the prime factors of g(o).
2
Suppose 18*g + 5*s - 987 = 14*g, 0 = -s - 1. List the prime factors of g.
2, 31
Suppose 4 = 5*n - 6. Suppose n*p + 4 = -3*m + m, -4*m - 8 = -4*p. Suppose -4*s - 2*d + 16 + 4 = p, -32 = -5*s + d. List the prime factors of s.
2, 3
Suppose 0 = -3*w - 3*n + 978, 4*w - 291 = 5*n + 1013. List the prime factors of w.
2, 163
Let r = -274 - -548. What are the prime factors of r?
2, 137
Let f(j) = 203*j**3 + 2*j**2 + 3*j + 2. Let h be f(-1). Let r = -117 - h. Suppose -v + r = 4*v. List the prime factors of v.
17
Let i = -1174 - -1786. What are the prime factors of i?
2, 3, 17
Suppose 0 = 4*q - 71 - 57. Suppose -4*p + 131 = -5. Suppose 0 = 2*d - p - q. What are the prime factors of d?
3, 11
Suppose -4*z + 9*z = 0. Suppose -4*q + q + 2*h + 183 = z, h = 5*q - 305. What are the prime factors of q?
61
Let l = 113 - -352. List the prime factors of l.
3, 5, 31
Let z = -4 - -6. Let n(r) = 7*r + 0 - r**2 + 0*r**2 + z. What are the prime factors of n(7)?
2
List the prime factors of -4 - (-2078 + -7 + 5).
2, 3, 173
Let z = -9 + 15. What are the prime factors of (204/18)/(z/27)?
3, 17
Suppose -l = 33 - 92. Suppose -184 = -3*i + l. List the prime factors of i.
3
Let m = -122 + 127. Suppose -5*y + y = 2*t - 278, -m*y + 343 = -2*t. What are the prime factors of y?
3, 23
Let z = -39 - 8. Let l = 21 - z. List the prime factors of l.
2, 17
Let q = 7031 - 1290. List the prime factors of q.
5741
Let v(y) = -9*y - 11*y - 167 + 172 - 3*y. What are the prime factors of v(-9)?
2, 53
Let i(w) = w**3 - 5*w**2 + 5*w + 4. Suppose 0 = -4*a - 25 + 73. Let v be 0 + 0 - (-48)/a. What are the prime factors of i(v)?
2
Suppose 0*k = -2*k + 940. What are the prime factors of k?
2, 5, 47
Let o = -3 - -5. Suppose -192 - 438 = -o*a. What are the prime factors of a?
3, 5, 7
What are the prime factors of ((-27)/12 - 2)/(1/(-216))?
2, 3, 17
Let s = -17 - -28. Suppose -5*d + 3*t + 25 = -2*t, -4*d = 5*t - s. Suppose -30 = -f - 4*g, -2 = -d*g + 10. What are the prime factors of f?
2, 3
Suppose -4*x = -2*x - 8. Suppose -2*w + 8 = x. Suppose -3*l = w*l - 165. What are the prime factors of l?
3, 11
Let b = -29 + 43. Suppose -b = -2*k + 18. Suppose 0 = -0*a - 2*a + k. What are the prime factors of a?
2
Suppose 2*n + 254 = 16. Let p = n + 307. Suppose 4*k + p = 4*u, 4*u + 3*k + 22 = 175. What are the prime factors of u?
2, 3, 7
Suppose 6 - 30 = -4*x. What are the prime factors of 2/3 - (-632)/x?
2, 53
Let g = -25 + 7. List the prime factors of (-4)/3 + (-492)/g.
2, 13
Suppose 122 = 5*k + v, -5*v - 40 = 3*k - 4*k. Suppose 1 - k = 4*b. What are the prime factors of (32/b)/((-6)/9)?
2
Suppose -10*s + 535 - 25 = 0. Suppose -5*w - 11 - 119 = 0. Let f = w + s. List the prime factors of f.
5
Let f(s) = 11*s**2 + 15*s + 22. What are the prime factors of f(-8)?
2, 3, 101
Suppose 0 = i - 5*m - 2516, -2*m - 10081 = -4*i + m. List the prime factors of i.
2521
Let t(m) = 2*m + 14. Let n be -4 - 0 - (7 - 5). Let l be t(n). Suppose -80 = -6*q + l*q. List the prime factors of q.
2, 5
Let z be (-1)/2*-2*2. Suppose -x - 3*a + 8 = -a, -22 = -2*x + 2*a. Let n = x + z. List the prime factors of n.
2, 3
Let c = -21 + 26. Suppose -5*k + 4*z + 168 + 124 = 0, -k + 41 = c*z. What are the prime factors of k?
2, 7
Let q(l) = 61*l**2 - 21*l + 58. List the prime factors of q(-7).
2, 1597
List the prime factors of (1032/(-40))/((-14)/770).
3, 11, 43
Suppose 2*v - 107 - 1513 = 0. What are the prime factors of v?
2, 3, 5
Let m(o) = -11*o + 29. List the prime factors of m(-10).
139
Suppose 5*g + 3*m - 35 - 321 = 0, m - 362 = -5*g. Let f = -121 - -85. Let l = f + g. List the prime factors of l.
37
List the prime factors of (62 - -1200) + (2 - 0)/(-2).
13, 97
Let a = 1007 - 195. What are the prime factors of a?
2, 7, 29
Let f(a) = a**2 - 12*a - 15. Let j be f(13). Let i(h) = 6*h**2 - 5*h - 2. What are the prime factors of i(j)?
2
Suppose -9*r - 107 = -35. Let j(c) = -8*c + 5*c**2 - c**2 + 7 - 5*c**2. List the prime factors of j(r).
7
Let q(d) = 4*d - 2*d + 10 + 8*d + 1. Suppose g - 1 = 4. What are the prime factors of q(g)?
61
Let b(s) = 3*s - 11*s - s + 7 - 7*s. List the prime factors of b(-3).
5, 11
Suppose -3*w - 2*m + 13 = -0*m, 5*w - 5*m = 5. Suppose 2*f = -4*l + 44, -61 + 20 = -w*f - l. Suppose -40 = -2*r + f. List the prime factors of r.
2, 13
Let s be (-2 - 175)/(1 + -2). Let q = s - 58. What are the prime factors of q?
7, 17
What are the prime factors of 13*(142/3)/((-2)/(-3))?
13, 71
Let j(d) = d - 2. Let n be j(4). Let i be ((-555)/(-30))/(n/(-4)). Let v = i + 64. List the prime factors of v.
3
What are the prime factors of 1750/6 + (-4)/6?
3, 97
Suppose 3*r + 4*j - 70 = 0, r + 0*j = -2*j + 22. Suppose 6*u - r + 2 = 0. Suppose u*i - 2*i - 36 = 0. List the prime factors of i.
2, 3
Let n(x) = -5*x - 18 + 3 - 22*x - 2*x. Let l(o) = 15*o + 7. Let f(c) = 9*l(c) + 4*n(c). List the prime factors of f(3).
2, 3, 5
Let a(i) = 3*i + 2*i - 12*i - 14 + 4*i. What are the prime factors of a(-9)?
13
Let s = -1 + 4. Suppose 3*f - 9 = -0*q - 2*q, -s*q = 5*f - 15. Suppose q = -u + 46 + 3. List the prime factors of u.
7
Let b be 1*-1*3/(-1). Suppose 2*p = -b*p + 870. Suppose 295 + p = 7*l. What are the prime factors of l?
67
Let a = 3120 + -1908. What are the prime factors of a?
2, 3, 101
Let w(a) = -a**3 - 11*a**2 + a + 16. Let r be w(-11). Suppose -r*n = 2*z - 118, 0*z + 2*z - 4*n - 136 = 0. List the prime factors of z.
2
Let n(j) = -j + 6. Suppose 4*w - 2 = 14. Let m be n(w). Suppose m*f + f - 3*g = 66, 3*f - g - 72 = 0. What are the prime factors of f?
5
Let c be -5*(-6)/(-60)*-20. Let o(f) = -f + 4. Let x be o(6). Let s = c - x. List the prime factors of s.
2, 3
Let m(c) = -10*c + 3 + 10*c**3 + 6*c**2 - c**3 - 8*c**3. List the prime factors of m(-7).
2, 3
Let i(s) = 1 + 2*s**3 - 27*s**2 + 30*s**2 - 3*s**3. Let l be i(4). Let h = l + 30. List the prime factors of h.
3, 5
Suppose -3*x + 5*c - 13330 = -6*x, -3*x + 5*c = -13340. List the prime factors of x.
5, 7, 127
Let d(q) = 35*q**2 - 3*q + 24. List the prime factors of d(5).
2, 13, 17
Suppose 3*u - 3*p - 1491 = 0, -5*p + 793 - 2292 = -3*u. What are the prime factors of u?
17, 29
Let n(f) = 122*f + 37. List the prime factors of n(4).
3, 5, 7
What are the prime factors of (978/(-5))/((-60)/150)?
3, 163
Suppose 3*s = 2 + 7. Suppose s*d + 5 = 4*d. List the prime factors of d.
5
Suppose 98 = -c + 2*s, -c + 3*s - 407 = 3*c. Let n be (243/(-12))/(2/c). What are the prime factors of n/24 + 1/8?
2, 11
Suppose 0 = 4*s - 5*c - 89, -2*c - 42 = 3*s - 5*s. Suppose -o + 0*t - 108 = -4*t, -2*o - 4*t - 216 = 0. What are the prime factors of o/(-8)*s/6?
2, 3
Suppose -r = 5*k + 144, 0 = -5*r + 4 + 1. Let p = 31 + k. List the prime factors of p.
2
Let v = 203 + -138. Let i = v + -116. List the prime factors of ((-64)/(-3))/((-17)/i).
2
Suppose 4*q - 344 = -n, 0 = 5*n - 3*q - 1812 + 184. List the prime factors of n.
2, 41
Let t = 35 - 33. Suppose -2*m = 2*n - 272, t*m - 3*m + n + 142 = 0. List the prime factors of m.
139
Let v be 132/60 + 1 + 12/(-10). List the prime factors of v*1*1 + 434/14.
3, 11
Let p(b) = -b**3 - 2*b**2 - 3*b - 2. Let y be p(-2). Let v(t) = 2*t. Let q be v(y). Let z = q + 10. What are the prime factors of z?
2, 3
Suppose -2 = 5*c - 12. Suppose 10 = 2*i + c. Suppose 0 = 5*v + 4*q - 20, i*v - 4*q - 39 = 13. List the prime factors of v.
2
Let z be (1 + 4)/1 - 2. List the prime factors of (-162)/z*(-3)/(36/28).
2, 3, 7
Let d(a) = -35*a**2 + 3*a + 2. Suppose -4*t + 3*f = -15, -2*t - 2*f + 1 = -3. Let g be d(t). What are the prime factors of 8/28 + g/(-14)?
2, 11
Suppose 5*s = -4*z + 12, 3*z + z = -s + 12. Suppose -3*h + 7 - 16 = s. List the prime factors of 52 + 1 + (h - -2).
2, 13
Let u be (-110)/(-12) + -1 - (-4)/(-24). Let p(o) = 9*o - 52. List the prime factors of p(u).
2, 5
Let m(t) = -t**3 - 5*t**2 - 11*t - 30. List the prime factors of m(-7).
5, 29
Suppose 0 = -2*i - 5*v - 7, 34 = 2*i - i - 5*v. Let n(d) = d**2 - 2*d + 4. List the prime factors of n(i).
6